{"id":13986,"date":"2020-12-06T21:12:50","date_gmt":"2020-12-06T20:12:50","guid":{"rendered":"http:\/\/www.zss1.strefa.pl\/wpress\/?page_id=13986"},"modified":"2024-04-30T12:03:35","modified_gmt":"2024-04-30T10:03:35","slug":"terapia-neurotaktylna","status":"publish","type":"page","link":"https:\/\/www.zss1.strefa.pl\/wpress\/?page_id=13986","title":{"rendered":"Neurosensomotoryczna integracja odruch\u00f3w"},"content":{"rendered":"\n<p>Neurosensomotoryczna integracja odruch\u00f3w&nbsp;skierowana jest do&nbsp;os\u00f3b z&nbsp;zaburzeniami w&nbsp;rozwoju psychoruchowym w&nbsp;celu pomocy w&nbsp;usprawnieniu fizycznego funkcjonowania oraz&nbsp;rozwoju poznawczego.<\/p>\n\n\n\n<p>Zadaniem programu jest wspieranie procesu integracji odruch\u00f3w w&nbsp;ramach funkcjonowania uk\u0142adu neurosensomotorycznego. Ten typ integracji przedstawia podstaw\u0119 optymalnego funkcjonowania motoryki (du\u017cej i&nbsp;ma\u0142ej) s\u0142u\u017c\u0105cej kszta\u0142towaniu proces\u00f3w umys\u0142owych, nawyk\u00f3w zachowania i&nbsp;komunikacji, uczenia si\u0119 oraz&nbsp;og\u00f3lnego rozwoju.<\/p>\n\n\n\n<p>Program MNRI\u00ae realizuje koncepcj\u0119 usprawnienia zaburzonych schemat\u00f3w odruch\u00f3w przeszkadzaj\u0105cych rozwojowi motoryki kontrolowanej dziecka i&nbsp;jest ukierunkowany na&nbsp;nast\u0119puj\u0105ce poziomy integracji:<\/p>\n\n\n\n<ul class=\"wp-block-list\">\n<li>Sensomotoryczny \u2013 dla zabezpieczenia odpowiedniego neurologicznego funkcjonowania w&nbsp;ramach konkretnego \u201eko\u0142a odruchowego\u201d<\/li>\n<\/ul>\n\n\n\n<ul class=\"wp-block-list\">\n<li>Schemat\u00f3w odruch\u00f3w z&nbsp;motoryk\u0105 intencjonaln\u0105<\/li>\n<\/ul>\n\n\n\n<ul class=\"wp-block-list\">\n<li>Schemat\u00f3w odruch\u00f3w z&nbsp;nawykami motorycznymi<\/li>\n<\/ul>\n\n\n\n<ul class=\"wp-block-list\">\n<li>Sfery ruchowej i&nbsp;proces\u00f3w poznawczych.<\/li>\n<\/ul>\n\n\n\n<p>Integracja schemat\u00f3w odruch\u00f3w odbywa si\u0119 w&nbsp;obr\u0119bie trzech aspekt\u00f3w aktywno\u015bci \u201eko\u0142a odruchowego\u201d:<\/p>\n\n\n\n<ul class=\"wp-block-list\">\n<li>Stymulacja sensoryczna (zmys\u0142owa) i&nbsp;rozpoznanie bod\u017aca przez&nbsp;nasz uk\u0142ad zmys\u0142\u00f3w<\/li>\n<\/ul>\n\n\n\n<ul class=\"wp-block-list\">\n<li>Przetwarzanie informacji w&nbsp;m\u00f3zgu \u2013 \u201erozpoznanie\u201d przez&nbsp;m\u00f3zg bod\u017aca, jako bod\u017aca obronnego, wymagaj\u0105cego ochrony lub s\u0142u\u017c\u0105cego rozwojowi<\/li>\n<\/ul>\n\n\n\n<ul class=\"wp-block-list\">\n<li>Reakcji motorycznej (ruchowej) zwrotnej na&nbsp;bodziec zmys\u0142owy jako komenda m\u00f3zgu na&nbsp;dzia\u0142anie odruchowe<\/li>\n<\/ul>\n\n\n\n<p><strong><span style=\"text-decoration: underline\">Programy wykorzystywane podczas pracy z dzieckiem:<\/span><\/strong><\/p>\n\n\n\n<ul class=\"wp-block-list\">\n<li>Terapia Neurotaktylna dr Svetlany Masgutovej<\/li>\n\n\n\n<li>Archetypy rozwoju ruchowego<\/li>\n\n\n\n<li>Integracja odruch\u00f3w ustno- twarzowych<\/li>\n\n\n\n<li>Integracja odruch\u00f3w dynamicznych i posturalnych<\/li>\n\n\n\n<li>Terapia Neurostrukturalna<\/li>\n\n\n\n<li> Hormony stresu <\/li>\n<\/ul>\n\n\n\n<p class=\"has-text-align-left\"><\/p>\n\n\n\n<p>mgr Marta Bieniasz<\/p>\n","protected":false},"excerpt":{"rendered":"<p>Neurosensomotoryczna integracja odruch\u00f3w&nbsp;skierowana jest do&nbsp;os\u00f3b z&nbsp;zaburzeniami w&nbsp;rozwoju psychoruchowym w&nbsp;celu pomocy w&nbsp;usprawnieniu fizycznego funkcjonowania oraz&nbsp;rozwoju poznawczego. Zadaniem programu jest wspieranie procesu integracji odruch\u00f3w w&nbsp;ramach funkcjonowania uk\u0142adu neurosensomotorycznego. Ten typ integracji przedstawia podstaw\u0119 optymalnego funkcjonowania motoryki (du\u017cej i&nbsp;ma\u0142ej) s\u0142u\u017c\u0105cej kszta\u0142towaniu proces\u00f3w umys\u0142owych, <a href=\"https:\/\/www.zss1.strefa.pl\/wpress\/?page_id=13986\" class=\"read-more\">Read More &#8230;<\/a><\/p>\n","protected":false},"author":25,"featured_media":0,"parent":769,"menu_order":26,"comment_status":"closed","ping_status":"closed","template":"","meta":{"footnotes":""},"class_list":["post-13986","page","type-page","status-publish","hentry"],"_links":{"self":[{"href":"https:\/\/www.zss1.strefa.pl\/wpress\/index.php?rest_route=\/wp\/v2\/pages\/13986","targetHints":{"allow":["GET"]}}],"collection":[{"href":"https:\/\/www.zss1.strefa.pl\/wpress\/index.php?rest_route=\/wp\/v2\/pages"}],"about":[{"href":"https:\/\/www.zss1.strefa.pl\/wpress\/index.php?rest_route=\/wp\/v2\/types\/page"}],"author":[{"embeddable":true,"href":"https:\/\/www.zss1.strefa.pl\/wpress\/index.php?rest_route=\/wp\/v2\/users\/25"}],"replies":[{"embeddable":true,"href":"https:\/\/www.zss1.strefa.pl\/wpress\/index.php?rest_route=%2Fwp%2Fv2%2Fcomments&post=13986"}],"version-history":[{"count":4,"href":"https:\/\/www.zss1.strefa.pl\/wpress\/index.php?rest_route=\/wp\/v2\/pages\/13986\/revisions"}],"predecessor-version":[{"id":19472,"href":"https:\/\/www.zss1.strefa.pl\/wpress\/index.php?rest_route=\/wp\/v2\/pages\/13986\/revisions\/19472"}],"up":[{"embeddable":true,"href":"https:\/\/www.zss1.strefa.pl\/wpress\/index.php?rest_route=\/wp\/v2\/pages\/769"}],"wp:attachment":[{"href":"https:\/\/www.zss1.strefa.pl\/wpress\/index.php?rest_route=%2Fwp%2Fv2%2Fmedia&parent=13986"}],"curies":[{"name":"wp","href":"https:\/\/api.w.org\/{rel}","templated":true}]}}