{"id":3066,"date":"2017-12-04T18:46:38","date_gmt":"2017-12-04T17:46:38","guid":{"rendered":"http:\/\/www.zss1.strefa.pl\/wpress\/?page_id=3066"},"modified":"2022-07-14T16:15:22","modified_gmt":"2022-07-14T14:15:22","slug":"branzowa-szkola-i-stopnia","status":"publish","type":"page","link":"https:\/\/www.zss1.strefa.pl\/wpress\/?page_id=3066","title":{"rendered":"Bran\u017cowa Szko\u0142a I Stopnia"},"content":{"rendered":"<p>Szko\u0142a Bran\u017cowa I stopnia kszta\u0142ci m\u0142odzie\u017c z lekk\u0105 niepe\u0142nosprawno\u015bci\u0105 intelektualn\u0105, kt\u00f3ra posiada orzeczenie Poradni Pedagogiczno &#8211; Psychologicznej o potrzebie kszta\u0142cenia specjalnego oraz skierowanie Prezydenta Miasta Zielona G\u00f3ra do kszta\u0142cenia specjalnego w Szkole Szkole Bran\u017cowej I stopnia w Zespole Szk\u00f3\u0142 Specjalnych nr 1 w Zielonej G\u00f3rze.<\/p>\n<p>Nazwa zawodu: KUCHARZ. Czas trwania nauki: 3 lata.<\/p>\n","protected":false},"excerpt":{"rendered":"<p>Szko\u0142a Bran\u017cowa I stopnia kszta\u0142ci m\u0142odzie\u017c z lekk\u0105 niepe\u0142nosprawno\u015bci\u0105 intelektualn\u0105, kt\u00f3ra posiada orzeczenie Poradni Pedagogiczno &#8211; Psychologicznej o potrzebie kszta\u0142cenia specjalnego oraz skierowanie Prezydenta Miasta Zielona G\u00f3ra do kszta\u0142cenia specjalnego w Szkole Szkole Bran\u017cowej I stopnia w Zespole Szk\u00f3\u0142 Specjalnych <a href=\"https:\/\/www.zss1.strefa.pl\/wpress\/?page_id=3066\" class=\"read-more\">Read More &#8230;<\/a><\/p>\n","protected":false},"author":1,"featured_media":0,"parent":373,"menu_order":5,"comment_status":"closed","ping_status":"closed","template":"","meta":{"footnotes":""},"class_list":["post-3066","page","type-page","status-publish","hentry"],"_links":{"self":[{"href":"https:\/\/www.zss1.strefa.pl\/wpress\/index.php?rest_route=\/wp\/v2\/pages\/3066","targetHints":{"allow":["GET"]}}],"collection":[{"href":"https:\/\/www.zss1.strefa.pl\/wpress\/index.php?rest_route=\/wp\/v2\/pages"}],"about":[{"href":"https:\/\/www.zss1.strefa.pl\/wpress\/index.php?rest_route=\/wp\/v2\/types\/page"}],"author":[{"embeddable":true,"href":"https:\/\/www.zss1.strefa.pl\/wpress\/index.php?rest_route=\/wp\/v2\/users\/1"}],"replies":[{"embeddable":true,"href":"https:\/\/www.zss1.strefa.pl\/wpress\/index.php?rest_route=%2Fwp%2Fv2%2Fcomments&post=3066"}],"version-history":[{"count":4,"href":"https:\/\/www.zss1.strefa.pl\/wpress\/index.php?rest_route=\/wp\/v2\/pages\/3066\/revisions"}],"predecessor-version":[{"id":15738,"href":"https:\/\/www.zss1.strefa.pl\/wpress\/index.php?rest_route=\/wp\/v2\/pages\/3066\/revisions\/15738"}],"up":[{"embeddable":true,"href":"https:\/\/www.zss1.strefa.pl\/wpress\/index.php?rest_route=\/wp\/v2\/pages\/373"}],"wp:attachment":[{"href":"https:\/\/www.zss1.strefa.pl\/wpress\/index.php?rest_route=%2Fwp%2Fv2%2Fmedia&parent=3066"}],"curies":[{"name":"wp","href":"https:\/\/api.w.org\/{rel}","templated":true}]}}