{"id":769,"date":"2015-06-10T13:18:04","date_gmt":"2015-06-10T11:18:04","guid":{"rendered":"http:\/\/www.zss1.strefa.pl\/wpress\/?page_id=769"},"modified":"2025-08-18T20:14:53","modified_gmt":"2025-08-18T18:14:53","slug":"rewalidacja-indywidualna","status":"publish","type":"page","link":"https:\/\/www.zss1.strefa.pl\/wpress\/?page_id=769","title":{"rendered":"ZAJ\u0118CIA TERAPEUTYCZNE"},"content":{"rendered":"<h1 style=\"text-align: center\"><strong>Proponujemy naszym uczniom nast\u0119puj\u0105ce zaj\u0119cia o charakterze terapeutycznym:<\/strong><\/h1>\n\n\n<p class=\"has-very-light-gray-background-color has-background\"><a href=\"https:\/\/www.zss1.strefa.pl\/wpress\/?page_id=825\"><strong>zaj\u0119cia korekcyjno-kompensacyjne&nbsp;<\/strong><\/a><\/p>\n\n\n\n<p class=\"has-very-light-gray-background-color has-background\"><a href=\"https:\/\/www.zss1.strefa.pl\/wpress\/?page_id=787\"><strong>terapia Tomatisa<\/strong><\/a><\/p>\n\n\n\n<p class=\"has-very-light-gray-background-color has-background\"><a href=\"https:\/\/www.zss1.strefa.pl\/wpress\/?page_id=827\"><strong>RSA Biofeedback<\/strong><\/a><\/p>\n\n\n\n<p class=\"has-very-light-gray-background-color has-background\"><a href=\"https:\/\/www.zss1.strefa.pl\/wpress\/?page_id=791\"><strong>terapia metod\u0105 Warnkego<\/strong><\/a><\/p>\n\n\n\n<p class=\"has-very-light-gray-background-color has-background\"><a href=\"https:\/\/www.zss1.strefa.pl\/wpress\/?page_id=793\"><strong>integracja sensoryczna&nbsp;<\/strong><\/a><\/p>\n\n\n\n<p class=\"has-very-light-gray-background-color has-background\"><strong><a href=\"https:\/\/www.zss1.strefa.pl\/wpress\/?page_id=801\">hipoterapia<\/a><\/strong><\/p>\n\n\n\n<p class=\"has-very-light-gray-background-color has-background\"><a href=\"https:\/\/www.zss1.strefa.pl\/wpress\/?page_id=795\"><strong>sala do\u015bwiadczania \u015bwiata<\/strong><\/a><\/p>\n\n\n\n<p class=\"has-very-light-gray-background-color has-background\"><a href=\"https:\/\/www.zss1.strefa.pl\/wpress\/?page_id=13986\"><strong>terapia MNRI wg dr Svetlany Masgutovej<\/strong><\/a><\/p>\n\n\n\n<p class=\"has-very-light-gray-background-color has-background\"><a href=\"https:\/\/www.zss1.strefa.pl\/wpress\/?page_id=19503\"><strong>EEG Biofeedback<\/strong><\/a><\/p>\n\n\n\n<p class=\"has-very-light-gray-background-color has-background\"><a href=\"https:\/\/www.zss1.strefa.pl\/wpress\/?page_id=17932\"><strong>VR<\/strong><\/a><\/p>\n\n\n\n<p class=\"has-very-light-gray-background-color has-background\"><strong><strong><a href=\"https:\/\/www.zss1.strefa.pl\/wpress\/?page_id=22365\">Muzykoterapia Dog\u0142\u0119bna Kom\u00f3rkowa (MDK)<\/a><\/strong><\/strong><\/p>\n\n\n\n<p><\/p>\n","protected":false},"excerpt":{"rendered":"<p>Proponujemy naszym uczniom nast\u0119puj\u0105ce zaj\u0119cia o charakterze terapeutycznym: zaj\u0119cia korekcyjno-kompensacyjne&nbsp; terapia Tomatisa RSA Biofeedback terapia metod\u0105 Warnkego integracja sensoryczna&nbsp; hipoterapia sala do\u015bwiadczania \u015bwiata terapia MNRI wg dr Svetlany Masgutovej EEG Biofeedback VR Muzykoterapia Dog\u0142\u0119bna Kom\u00f3rkowa (MDK)<\/p>\n","protected":false},"author":1,"featured_media":0,"parent":0,"menu_order":4,"comment_status":"closed","ping_status":"closed","template":"","meta":{"footnotes":""},"class_list":["post-769","page","type-page","status-publish","hentry"],"_links":{"self":[{"href":"https:\/\/www.zss1.strefa.pl\/wpress\/index.php?rest_route=\/wp\/v2\/pages\/769","targetHints":{"allow":["GET"]}}],"collection":[{"href":"https:\/\/www.zss1.strefa.pl\/wpress\/index.php?rest_route=\/wp\/v2\/pages"}],"about":[{"href":"https:\/\/www.zss1.strefa.pl\/wpress\/index.php?rest_route=\/wp\/v2\/types\/page"}],"author":[{"embeddable":true,"href":"https:\/\/www.zss1.strefa.pl\/wpress\/index.php?rest_route=\/wp\/v2\/users\/1"}],"replies":[{"embeddable":true,"href":"https:\/\/www.zss1.strefa.pl\/wpress\/index.php?rest_route=%2Fwp%2Fv2%2Fcomments&post=769"}],"version-history":[{"count":33,"href":"https:\/\/www.zss1.strefa.pl\/wpress\/index.php?rest_route=\/wp\/v2\/pages\/769\/revisions"}],"predecessor-version":[{"id":22377,"href":"https:\/\/www.zss1.strefa.pl\/wpress\/index.php?rest_route=\/wp\/v2\/pages\/769\/revisions\/22377"}],"wp:attachment":[{"href":"https:\/\/www.zss1.strefa.pl\/wpress\/index.php?rest_route=%2Fwp%2Fv2%2Fmedia&parent=769"}],"curies":[{"name":"wp","href":"https:\/\/api.w.org\/{rel}","templated":true}]}}