{"id":801,"date":"2015-06-12T12:05:13","date_gmt":"2015-06-12T10:05:13","guid":{"rendered":"http:\/\/www.zss1.strefa.pl\/wpress\/?page_id=801"},"modified":"2024-05-13T12:03:47","modified_gmt":"2024-05-13T10:03:47","slug":"hipoterapia","status":"publish","type":"page","link":"https:\/\/www.zss1.strefa.pl\/wpress\/?page_id=801","title":{"rendered":"Hipoterapia"},"content":{"rendered":"\n<p>Zaj\u0119cia hipoterapii z punktu widzenia przechodnia mog\u0105 wygl\u0105da\u0107 jak zwyczajna przeja\u017cd\u017cka konna.<\/p>\n\n\n\n<p>Patrz\u0105c z perspektywy uczestnik\u00f3w i hipoterapeut\u00f3w to czas pracy, dawania mo\u017cliwo\u015bci, osi\u0105gania cel\u00f3w w obecno\u015bci konia. Kto\u015b z grzbietu konia ogl\u0105da \u015bwiat z nowej perspektywy. Kto\u015b inny pr\u00f3buje utrzyma\u0107 prawid\u0142ow\u0105 pozycj\u0119 siedz\u0105c\u0105, kiedy pod nim porusza si\u0119 ogromne zwierz\u0119. To chwile, w kt\u00f3rych maluje si\u0119 u\u015bmiech, bo co\u015b si\u0119 uda\u0142o. Ko\u0144 wymaga, ale nie ocenia. Je\u017adziec potrafi, ma wp\u0142yw, podejmuje decyzje na koniu, a potem i w \u017cyciu.<\/p>\n\n\n\n<p>Hipoterapia jest form\u0105 rehabilitacji, w kt\u00f3rej przy udziale konia i pod okiem hipoterapeuty mo\u017cna wp\u0142ywa\u0107 na popraw\u0119 funkcjonowania cz\u0142owieka w sferze fizycznej, emocjonalnej, poznawczej i spo\u0142ecznej. Jest to forma terapii przeznaczona zar\u00f3wno dla dzieci, jak i os\u00f3b doros\u0142ych.<\/p>\n\n\n\n<p>Tr\u00f3jwymiarowy ch\u00f3d konia jest nieoceniony w kodowaniu prawid\u0142owego wzorca chodu u pacjenta. \u0106wiczenia na koniu wp\u0142ywaj\u0105 na normalizacj\u0119 napi\u0119cia mi\u0119\u015bniowego, popraw\u0119 r\u00f3wnowagi, ucz\u0105 orientacji w schemacie cia\u0142a i w przestrzeni oraz stymuluj\u0105 czucie g\u0142\u0119bokie i powierzchniowe.<\/p>\n\n\n\n<p>Ko\u0144 motywuje do dzia\u0142ania. Zaj\u0119cia z nim zazwyczaj wywo\u0142uj\u0105 du\u017co pozytywnych emocji i nie kojarz\u0105 si\u0119 z terapi\u0105. Hipoterapia pobudza zmys\u0142y wzroku, s\u0142uchu, w\u0119chu, dotyku.&nbsp;<\/p>\n\n\n\n<p>Zaj\u0119cia maj\u0105 ogromny wp\u0142yw na kszta\u0142towanie umiej\u0119tno\u015bci spo\u0142ecznych. Ko\u0144 cz\u0119sto jest po\u015brednikiem w tworzeniu relacji terapeutycznej oraz motywuje do komunikacji. Przebywanie ze zwierz\u0119ciem uczy odczytywania jego zachowa\u0144 i potrzeb, co wymaga od cz\u0142owieka uwa\u017cno\u015bci i odpowiedniego post\u0119powania w jego obecno\u015bci.<\/p>\n\n\n\n<p>Do udzia\u0142u w zaj\u0119ciach hipoterapii niezb\u0119dna jest zgoda lekarza. Program terapeutyczny, forma terapii, typ konia, rodzaj ruchu, u\u017cywane pomoce- dobierane s\u0105 indywidualnie. ko\u0144 jednak zawsze ma dzia\u0142anie wieloprofilowe.<\/p>\n\n\n\n<p>mgr Katarzyna Szepela-Har\u0119zga<\/p>\n\n\n<div class=\"wp-block-image\">\n<figure class=\"aligncenter size-large is-resized\"><a href=\"https:\/\/www.zss1.strefa.pl\/wpress\/wp-content\/uploads\/2024\/05\/P1300028-rotated.jpg\"><img loading=\"lazy\" decoding=\"async\" width=\"768\" height=\"1024\" src=\"https:\/\/www.zss1.strefa.pl\/wpress\/wp-content\/uploads\/2024\/05\/P1300028-768x1024.jpg\" alt=\"\" class=\"wp-image-19555\" style=\"width:338px;height:auto\" srcset=\"https:\/\/www.zss1.strefa.pl\/wpress\/wp-content\/uploads\/2024\/05\/P1300028-768x1024.jpg 768w, https:\/\/www.zss1.strefa.pl\/wpress\/wp-content\/uploads\/2024\/05\/P1300028-225x300.jpg 225w, https:\/\/www.zss1.strefa.pl\/wpress\/wp-content\/uploads\/2024\/05\/P1300028-1152x1536.jpg 1152w, https:\/\/www.zss1.strefa.pl\/wpress\/wp-content\/uploads\/2024\/05\/P1300028-1536x2048.jpg 1536w, https:\/\/www.zss1.strefa.pl\/wpress\/wp-content\/uploads\/2024\/05\/P1300028-203x270.jpg 203w, https:\/\/www.zss1.strefa.pl\/wpress\/wp-content\/uploads\/2024\/05\/P1300028-rotated.jpg 1920w\" sizes=\"auto, (max-width: 768px) 100vw, 768px\" \/><\/a><\/figure>\n<\/div>","protected":false},"excerpt":{"rendered":"<p>Zaj\u0119cia hipoterapii z punktu widzenia przechodnia mog\u0105 wygl\u0105da\u0107 jak zwyczajna przeja\u017cd\u017cka konna. Patrz\u0105c z perspektywy uczestnik\u00f3w i hipoterapeut\u00f3w to czas pracy, dawania mo\u017cliwo\u015bci, osi\u0105gania cel\u00f3w w obecno\u015bci konia. Kto\u015b z grzbietu konia ogl\u0105da \u015bwiat z nowej perspektywy. Kto\u015b inny pr\u00f3buje <a href=\"https:\/\/www.zss1.strefa.pl\/wpress\/?page_id=801\" class=\"read-more\">Read More &#8230;<\/a><\/p>\n","protected":false},"author":1,"featured_media":0,"parent":769,"menu_order":8,"comment_status":"closed","ping_status":"closed","template":"","meta":{"footnotes":""},"class_list":["post-801","page","type-page","status-publish","hentry"],"_links":{"self":[{"href":"https:\/\/www.zss1.strefa.pl\/wpress\/index.php?rest_route=\/wp\/v2\/pages\/801","targetHints":{"allow":["GET"]}}],"collection":[{"href":"https:\/\/www.zss1.strefa.pl\/wpress\/index.php?rest_route=\/wp\/v2\/pages"}],"about":[{"href":"https:\/\/www.zss1.strefa.pl\/wpress\/index.php?rest_route=\/wp\/v2\/types\/page"}],"author":[{"embeddable":true,"href":"https:\/\/www.zss1.strefa.pl\/wpress\/index.php?rest_route=\/wp\/v2\/users\/1"}],"replies":[{"embeddable":true,"href":"https:\/\/www.zss1.strefa.pl\/wpress\/index.php?rest_route=%2Fwp%2Fv2%2Fcomments&post=801"}],"version-history":[{"count":3,"href":"https:\/\/www.zss1.strefa.pl\/wpress\/index.php?rest_route=\/wp\/v2\/pages\/801\/revisions"}],"predecessor-version":[{"id":19557,"href":"https:\/\/www.zss1.strefa.pl\/wpress\/index.php?rest_route=\/wp\/v2\/pages\/801\/revisions\/19557"}],"up":[{"embeddable":true,"href":"https:\/\/www.zss1.strefa.pl\/wpress\/index.php?rest_route=\/wp\/v2\/pages\/769"}],"wp:attachment":[{"href":"https:\/\/www.zss1.strefa.pl\/wpress\/index.php?rest_route=%2Fwp%2Fv2%2Fmedia&parent=801"}],"curies":[{"name":"wp","href":"https:\/\/api.w.org\/{rel}","templated":true}]}}